{"id":3,"date":"2026-01-09T16:03:33","date_gmt":"2026-01-09T16:03:33","guid":{"rendered":"http:\/\/lamaisondumagistrat.com\/?page_id=3"},"modified":"2026-01-21T14:55:23","modified_gmt":"2026-01-21T13:55:23","slug":"privacy-policy","status":"publish","type":"page","link":"https:\/\/lamaisondumagistrat.com\/index.php\/privacy-policy\/","title":{"rendered":"Mentions l\u00e9gales"},"content":{"rendered":"\n<p>En vigueur au 20\/01\/2026<br><\/p>\n\n\n\n<p>Conform\u00e9ment aux dispositions de la loi n\u00b02004-575 du 21 juin 2004 pour la Confiance en l\u2019\u00e9conomie num\u00e9rique, il est port\u00e9 \u00e0 la connaissance des utilisateurs et visiteurs, ci-apr\u00e8s l&rsquo; \u00ab\u00a0Utilisateur\u00a0\u00bb, du site https:\/\/lamaisondumagistrat.com\/ , ci-apr\u00e8s le \u00ab\u00a0Site\u00a0\u00bb, les pr\u00e9sentes mentions l\u00e9gales.<\/p>\n\n\n\n<p><br>La connexion et la navigation sur le Site par l\u2019Utilisateur implique acceptation int\u00e9grale et sans r\u00e9serve des pr\u00e9sentes mentions l\u00e9gales.<br>Ces derni\u00e8res sont accessibles sur le Site \u00e0 la rubrique \u00ab\u00a0Mentions l\u00e9gales\u00a0\u00bb.<\/p>\n\n\n\n<p><br><strong>EDITION DU SITE<\/strong><\/p>\n\n\n\n<p>L&rsquo;\u00e9dition du Site est assur\u00e9e par la soci\u00e9t\u00e9 Maison du Magistrat,  107 avenue des Corbi\u00e8res, 11360 Durban-Corbi\u00e8res, Num\u00e9ro de t\u00e9l\u00e9phone : 06 72 41 59 20 Adresse e-mail : maisondumagistrat@orange.fr<br>Directrice de la publication : Jeanne ROBINSON<br>ci-apr\u00e8s l'\u00a0\u00bbEditeur\u00a0\u00bb.<\/p>\n\n\n\n<p><strong><br>D\u00c9VELOPPEMENT DU SITE<br><\/strong>Le d\u00e9veloppement du Site est assur\u00e9e par la soci\u00e9t\u00e9 SEAP31, Entreprise Individuelle, immatricul\u00e9e au Registre du Commerce et des Soci\u00e9t\u00e9s de Toulouse dont le si\u00e8ge social est situ\u00e9 au 11 r\u00e9sidence les amandiers 31450 DEYME, Num\u00e9ro de t\u00e9l\u00e9phone : 0670710243 Adresse e-mail : contact@seap31.com.<br>Directeur de la publication : Philippe GARCIA<br><\/p>\n\n\n\n<p><strong>HEBERGEUR<br><\/strong>L&rsquo;h\u00e9bergeur du Site est la soci\u00e9t\u00e9 OVH, dont le si\u00e8ge social est situ\u00e9 au 2, rue Kellermann 59100 Roubaix. Le num\u00e9ro de t\u00e9l\u00e9phone de l&rsquo;h\u00e9bergeur est le +33 9 72 10 10 07.<br><\/p>\n\n\n\n<p><strong>ACCES AU SITE<br><\/strong>Le Site est normalement accessible, \u00e0 tout moment, \u00e0 l&rsquo;Utilisateur. Toutefois, l&rsquo;Editeur pourra, \u00e0 tout moment, suspendre, limiter ou interrompre le Site afin de proc\u00e9der, notamment, \u00e0 des mises \u00e0 jour ou des modifications de son contenu. L&rsquo;Editeur ne pourra en aucun cas \u00eatre tenu responsable des cons\u00e9quences \u00e9ventuelles de cette indisponibilit\u00e9 sur les activit\u00e9s de l&rsquo;Utilisateur.<br>Toute utilisation, reproduction, diffusion, commercialisation, modification de toute ou partie du Site, sans autorisation expresse de l\u2019Editeur est prohib\u00e9e et pourra entra\u00eener des actions et poursuites judiciaires telles que pr\u00e9vues par la r\u00e9glementation en vigueur.<br>Pour plus d\u2019informations, se reporter aux Politiques de confidentialit\u00e9 du site https:\/\/lamaisondumagistrat.com\/ accessibles depuis la rubrique \u00ab\u00a0Politique de confidentialit\u00e9\u00a0\u00bb .<br><\/p>\n","protected":false},"excerpt":{"rendered":"<p>En vigueur au 20\/01\/2026 Conform\u00e9ment aux dispositions de la loi n\u00b02004-575 du 21 juin 2004 pour la Confiance en l\u2019\u00e9conomie num\u00e9rique, il est port\u00e9 \u00e0 la connaissance des utilisateurs et visiteurs, ci-apr\u00e8s l&rsquo; \u00ab\u00a0Utilisateur\u00a0\u00bb, du site https:\/\/lamaisondumagistrat.com\/ , ci-apr\u00e8s le \u00ab\u00a0Site\u00a0\u00bb, les pr\u00e9sentes mentions l\u00e9gales. La connexion et la navigation sur le Site par l\u2019Utilisateur [&hellip;]<\/p>\n","protected":false},"author":1,"featured_media":0,"parent":0,"menu_order":0,"comment_status":"closed","ping_status":"closed","template":"","meta":{"footnotes":""},"class_list":["post-3","page","type-page","status-publish","hentry"],"yoast_head":"<!-- This site is optimized with the Yoast SEO plugin v26.8 - https:\/\/yoast.com\/product\/yoast-seo-wordpress\/ -->\n<title>Mentions l\u00e9gales - La Maison du Magistrat - 107 avenue des Corbi\u00e8res 11360 Durban-Corbi\u00e8res<\/title>\n<meta name=\"description\" content=\"Il s&#039;agit des mentions l\u00e9gales pour le site Internet de la Maison du Magistrat \u00e0 Durban Corbi\u00e8res, https:\/\/lamaisondumagistrat.com\/\" \/>\n<meta name=\"robots\" content=\"index, follow, max-snippet:-1, max-image-preview:large, max-video-preview:-1\" \/>\n<link rel=\"canonical\" href=\"https:\/\/lamaisondumagistrat.com\/index.php\/privacy-policy\/\" \/>\n<meta property=\"og:locale\" content=\"fr_FR\" \/>\n<meta property=\"og:type\" content=\"article\" \/>\n<meta property=\"og:title\" content=\"Mentions l\u00e9gales - La Maison du Magistrat - 107 avenue des Corbi\u00e8res 11360 Durban-Corbi\u00e8res\" \/>\n<meta property=\"og:description\" content=\"Il s&#039;agit des mentions l\u00e9gales pour le site Internet de la Maison du Magistrat \u00e0 Durban Corbi\u00e8res, https:\/\/lamaisondumagistrat.com\/\" \/>\n<meta property=\"og:url\" content=\"https:\/\/lamaisondumagistrat.com\/index.php\/privacy-policy\/\" \/>\n<meta property=\"og:site_name\" content=\"La Maison du Magistrat - 107 avenue des Corbi\u00e8res 11360 Durban-Corbi\u00e8res\" \/>\n<meta property=\"article:publisher\" content=\"https:\/\/www.facebook.com\/share\/1A8odxWteh\/?mibextid=wwXIfr\" \/>\n<meta property=\"article:modified_time\" content=\"2026-01-21T13:55:23+00:00\" \/>\n<meta name=\"twitter:card\" content=\"summary_large_image\" \/>\n<meta name=\"twitter:label1\" content=\"Dur\u00e9e de lecture estim\u00e9e\" \/>\n\t<meta name=\"twitter:data1\" content=\"2 minutes\" \/>\n<script type=\"application\/ld+json\" class=\"yoast-schema-graph\">{\"@context\":\"https:\/\/schema.org\",\"@graph\":[{\"@type\":\"WebPage\",\"@id\":\"https:\/\/lamaisondumagistrat.com\/index.php\/privacy-policy\/\",\"url\":\"https:\/\/lamaisondumagistrat.com\/index.php\/privacy-policy\/\",\"name\":\"Mentions l\u00e9gales - La Maison du Magistrat - 107 avenue des Corbi\u00e8res 11360 Durban-Corbi\u00e8res\",\"isPartOf\":{\"@id\":\"https:\/\/lamaisondumagistrat.com\/#website\"},\"datePublished\":\"2026-01-09T16:03:33+00:00\",\"dateModified\":\"2026-01-21T13:55:23+00:00\",\"description\":\"Il s'agit des mentions l\u00e9gales pour le site Internet de la Maison du Magistrat \u00e0 Durban Corbi\u00e8res, https:\/\/lamaisondumagistrat.com\/\",\"breadcrumb\":{\"@id\":\"https:\/\/lamaisondumagistrat.com\/index.php\/privacy-policy\/#breadcrumb\"},\"inLanguage\":\"fr-FR\",\"potentialAction\":[{\"@type\":\"ReadAction\",\"target\":[\"https:\/\/lamaisondumagistrat.com\/index.php\/privacy-policy\/\"]}]},{\"@type\":\"BreadcrumbList\",\"@id\":\"https:\/\/lamaisondumagistrat.com\/index.php\/privacy-policy\/#breadcrumb\",\"itemListElement\":[{\"@type\":\"ListItem\",\"position\":1,\"name\":\"Accueil\",\"item\":\"https:\/\/lamaisondumagistrat.com\/\"},{\"@type\":\"ListItem\",\"position\":2,\"name\":\"Mentions l\u00e9gales\"}]},{\"@type\":\"WebSite\",\"@id\":\"https:\/\/lamaisondumagistrat.com\/#website\",\"url\":\"https:\/\/lamaisondumagistrat.com\/\",\"name\":\"La Maison du Magistrat\",\"description\":\"Un voyage hors du temps dans les Corbi\u00e8res...\",\"publisher\":{\"@id\":\"https:\/\/lamaisondumagistrat.com\/#organization\"},\"potentialAction\":[{\"@type\":\"SearchAction\",\"target\":{\"@type\":\"EntryPoint\",\"urlTemplate\":\"https:\/\/lamaisondumagistrat.com\/?s={search_term_string}\"},\"query-input\":{\"@type\":\"PropertyValueSpecification\",\"valueRequired\":true,\"valueName\":\"search_term_string\"}}],\"inLanguage\":\"fr-FR\"},{\"@type\":\"Organization\",\"@id\":\"https:\/\/lamaisondumagistrat.com\/#organization\",\"name\":\"La Maison du Magistrat\",\"url\":\"https:\/\/lamaisondumagistrat.com\/\",\"logo\":{\"@type\":\"ImageObject\",\"inLanguage\":\"fr-FR\",\"@id\":\"https:\/\/lamaisondumagistrat.com\/#\/schema\/logo\/image\/\",\"url\":\"http:\/\/lamaisondumagistrat.com\/wp-content\/uploads\/2026\/01\/la-maison-du-magistrat-logo.png\",\"contentUrl\":\"http:\/\/lamaisondumagistrat.com\/wp-content\/uploads\/2026\/01\/la-maison-du-magistrat-logo.png\",\"width\":1563,\"height\":1563,\"caption\":\"La Maison du Magistrat\"},\"image\":{\"@id\":\"https:\/\/lamaisondumagistrat.com\/#\/schema\/logo\/image\/\"},\"sameAs\":[\"https:\/\/www.facebook.com\/share\/1A8odxWteh\/?mibextid=wwXIfr\",\"https:\/\/www.instagram.com\/maisondumagistrat?igsh=NWhvbGN1dDcyaThu\"]}]}<\/script>\n<!-- \/ Yoast SEO plugin. -->","yoast_head_json":{"title":"Mentions l\u00e9gales - La Maison du Magistrat - 107 avenue des Corbi\u00e8res 11360 Durban-Corbi\u00e8res","description":"Il s'agit des mentions l\u00e9gales pour le site Internet de la Maison du Magistrat \u00e0 Durban Corbi\u00e8res, https:\/\/lamaisondumagistrat.com\/","robots":{"index":"index","follow":"follow","max-snippet":"max-snippet:-1","max-image-preview":"max-image-preview:large","max-video-preview":"max-video-preview:-1"},"canonical":"https:\/\/lamaisondumagistrat.com\/index.php\/privacy-policy\/","og_locale":"fr_FR","og_type":"article","og_title":"Mentions l\u00e9gales - La Maison du Magistrat - 107 avenue des Corbi\u00e8res 11360 Durban-Corbi\u00e8res","og_description":"Il s'agit des mentions l\u00e9gales pour le site Internet de la Maison du Magistrat \u00e0 Durban Corbi\u00e8res, https:\/\/lamaisondumagistrat.com\/","og_url":"https:\/\/lamaisondumagistrat.com\/index.php\/privacy-policy\/","og_site_name":"La Maison du Magistrat - 107 avenue des Corbi\u00e8res 11360 Durban-Corbi\u00e8res","article_publisher":"https:\/\/www.facebook.com\/share\/1A8odxWteh\/?mibextid=wwXIfr","article_modified_time":"2026-01-21T13:55:23+00:00","twitter_card":"summary_large_image","twitter_misc":{"Dur\u00e9e de lecture estim\u00e9e":"2 minutes"},"schema":{"@context":"https:\/\/schema.org","@graph":[{"@type":"WebPage","@id":"https:\/\/lamaisondumagistrat.com\/index.php\/privacy-policy\/","url":"https:\/\/lamaisondumagistrat.com\/index.php\/privacy-policy\/","name":"Mentions l\u00e9gales - La Maison du Magistrat - 107 avenue des Corbi\u00e8res 11360 Durban-Corbi\u00e8res","isPartOf":{"@id":"https:\/\/lamaisondumagistrat.com\/#website"},"datePublished":"2026-01-09T16:03:33+00:00","dateModified":"2026-01-21T13:55:23+00:00","description":"Il s'agit des mentions l\u00e9gales pour le site Internet de la Maison du Magistrat \u00e0 Durban Corbi\u00e8res, https:\/\/lamaisondumagistrat.com\/","breadcrumb":{"@id":"https:\/\/lamaisondumagistrat.com\/index.php\/privacy-policy\/#breadcrumb"},"inLanguage":"fr-FR","potentialAction":[{"@type":"ReadAction","target":["https:\/\/lamaisondumagistrat.com\/index.php\/privacy-policy\/"]}]},{"@type":"BreadcrumbList","@id":"https:\/\/lamaisondumagistrat.com\/index.php\/privacy-policy\/#breadcrumb","itemListElement":[{"@type":"ListItem","position":1,"name":"Accueil","item":"https:\/\/lamaisondumagistrat.com\/"},{"@type":"ListItem","position":2,"name":"Mentions l\u00e9gales"}]},{"@type":"WebSite","@id":"https:\/\/lamaisondumagistrat.com\/#website","url":"https:\/\/lamaisondumagistrat.com\/","name":"La Maison du Magistrat","description":"Un voyage hors du temps dans les Corbi\u00e8res...","publisher":{"@id":"https:\/\/lamaisondumagistrat.com\/#organization"},"potentialAction":[{"@type":"SearchAction","target":{"@type":"EntryPoint","urlTemplate":"https:\/\/lamaisondumagistrat.com\/?s={search_term_string}"},"query-input":{"@type":"PropertyValueSpecification","valueRequired":true,"valueName":"search_term_string"}}],"inLanguage":"fr-FR"},{"@type":"Organization","@id":"https:\/\/lamaisondumagistrat.com\/#organization","name":"La Maison du Magistrat","url":"https:\/\/lamaisondumagistrat.com\/","logo":{"@type":"ImageObject","inLanguage":"fr-FR","@id":"https:\/\/lamaisondumagistrat.com\/#\/schema\/logo\/image\/","url":"http:\/\/lamaisondumagistrat.com\/wp-content\/uploads\/2026\/01\/la-maison-du-magistrat-logo.png","contentUrl":"http:\/\/lamaisondumagistrat.com\/wp-content\/uploads\/2026\/01\/la-maison-du-magistrat-logo.png","width":1563,"height":1563,"caption":"La Maison du Magistrat"},"image":{"@id":"https:\/\/lamaisondumagistrat.com\/#\/schema\/logo\/image\/"},"sameAs":["https:\/\/www.facebook.com\/share\/1A8odxWteh\/?mibextid=wwXIfr","https:\/\/www.instagram.com\/maisondumagistrat?igsh=NWhvbGN1dDcyaThu"]}]}},"_links":{"self":[{"href":"https:\/\/lamaisondumagistrat.com\/index.php\/wp-json\/wp\/v2\/pages\/3","targetHints":{"allow":["GET"]}}],"collection":[{"href":"https:\/\/lamaisondumagistrat.com\/index.php\/wp-json\/wp\/v2\/pages"}],"about":[{"href":"https:\/\/lamaisondumagistrat.com\/index.php\/wp-json\/wp\/v2\/types\/page"}],"author":[{"embeddable":true,"href":"https:\/\/lamaisondumagistrat.com\/index.php\/wp-json\/wp\/v2\/users\/1"}],"replies":[{"embeddable":true,"href":"https:\/\/lamaisondumagistrat.com\/index.php\/wp-json\/wp\/v2\/comments?post=3"}],"version-history":[{"count":4,"href":"https:\/\/lamaisondumagistrat.com\/index.php\/wp-json\/wp\/v2\/pages\/3\/revisions"}],"predecessor-version":[{"id":498,"href":"https:\/\/lamaisondumagistrat.com\/index.php\/wp-json\/wp\/v2\/pages\/3\/revisions\/498"}],"wp:attachment":[{"href":"https:\/\/lamaisondumagistrat.com\/index.php\/wp-json\/wp\/v2\/media?parent=3"}],"curies":[{"name":"wp","href":"https:\/\/api.w.org\/{rel}","templated":true}]}}